1 - (10 - -18)) + (10 - -82)?
85
What is the value of 10 + -1 - (91 - 43 - 58)?
19
Evaluate 16 + -25 - ((26 - -7) + 0).
-42
What is the value of (-3 - (21 - -2 - 3)) + 956 + -945?
-12
Evaluate 57 - (36 - -28) - (4 + 3 + 4).
-18
(-2 - (-11 + 2)) + -24751 + 24805
61
What is 5 - (7 - 7) - (-31 - -4 - -16)?
16
What is -23 + (49 + 0 - (-8 + 21))?
13
-15 - -30 - (36 + (97 - 21))
-97
Evaluate -7 + -8 + 13 - (19 - (-29 - -16)).
-34
What is 3 + 6 + -3 + 4 + 3?
13
What is -21 - (57 + (-72 - 36))?
30
What is -12 - -17 - (-7 + 2 - 0 - 13)?
23
29 - ((9 - 0) + (-26 - (-5 - (30 - 28))))
39
Calculate -5 + 0 + 2 - (76 - 90).
11
Calculate -42 + (7 - (3 + 8 + (-7 - 8) + 11)).
-42
What is the value of -14 + (0 - 8) + (-267 - -251)?
-38
Calculate -43 - (-52 - -18) - (1 - -12).
-22
What is -126 + (113 - (-296 + 158))?
125
(-9 - 1) + (54 - (-31 + 62 + -35))
48
What is the value of 15 + -8 + -1 + (-58 - (7 + 2 + -11))?
-50
Calculate 7 + -1 - (-29 + 1 + (-571 - -573)).
32
Evaluate 3 + (-48 - -20) + 13.
-12
Calculate 119 + -8 + -106 + 111.
116
Evaluate -14 - -78 - (-234 + 285).
13
Evaluate -80 - (-231 + 79) - 2.
70
Calculate -23 + 38 + -56 - (-128 - -5).
82
Calculate -842 - -828 - ((-3 - -2) + -58).
45
-17 + 1 + (124 + -26 - 75)
7
Evaluate 3 - (-11 + -12 + 19) - (-1 + -57).
65
Evaluate 3 + (0 - -15) + 0 + -9 + (-27 - -2).
-16
-31 - (-9 - -52 - 21 - 15)
-38
What is -5 + (-16 - (-6 + 23 + -8))?
-30
What is -237 - (-60 + 91 + -136)?
-132
Evaluate -35 - -97 - 44 - 59.
-41
What is (-1266 - -1278) + 1 + -1 + -12?
0
-57 + 74 + 8 + -58 + -7
-40
What is -111 + 95 + 29 - ((-1 - -2) + 2) - -109?
119
What is (14 - (12 - 6)) + (-3 - (-5 + 17)) - -42?
35
Calculate 23 + (90 - 75) + -2 + 8.
44
Calculate 3 + -4 - ((-16 - (4 + -22)) + 33 + -2).
-34
Calculate -154 + 272 - 240 - -78.
-44
What is (-1549 - -1564) + (0 - (-1 - 0 - (1 + 8)))?
25
What is the value of 81 - 40 - ((-6 - -27) + -2 + 0)?
22
Evaluate 23 + (83 - -92) + -111.
87
Evaluate (-1 - -14) + -1 + (1174 - 1191) - 15.
-20
Calculate (189 - 26 - 44) + 12 + 0 + 3.
134
13 + (-44 - -47) + 16
32
What is the value of -29 + (1 - (-16 - (-6 + -7))) - (3 - 1)?
-27
Evaluate 1726 + -1792 - (1 + -18 - 1) - (0 + -2).
-46
What is (-51 - (-45 + (-43 - -48))) + -99?
-110
What is the value of 118 + (-32 - 85) - 149?
-148
5 - (1 + -3 + 7 - 4) - (-114 - -94)
24
11 - (-4 + (-30 - 1))
46
Calculate -98 - (-4 + -4 + -6 + (-34 - 9) + 47).
-88
20 + (41 - 84) - (13 - 3)
-33
Calculate -25 + 66 + (-42 - -19 - -31).
49
What is -25 + (44 - 55) - (-90 - -16)?
38
(-3 - (1 + (-2 - -2))) + 3 + -212 + 282
69
What is the value of -28 + 9 - -124 - 198?
-93
Evaluate 0 - (-1 - (-9 + -2 + -3 + 3)).
-10
What is the value of -19 + (-1 + -15 + -4 - 0)?
-39
-60 - (-110 - 26) - 145
-69
(-1 + -62 - ((-43 - -36) + 29)) + 10 + 0
-75
Evaluate 5 + (1 - -8) + (69 + -43 - 22).
18
What is 4 + (-7 - -6 - -3) + -6 - -19?
19
What is the value of 3 - (0 - 48 - -54)?
-3
Evaluate (-34 + 36 - -37 - 45) + (-1 + 0 - -8).
1
Calculate -22 + 10 - (-11 - -2 - (30 + 12)).
39
-40 + 2 + (-25 - -17) + 14 + -2
-34
What is the value of 386 + -236 + -139 - (0 - (1 - 32))?
-20
What is 120 - (47 - -9) - 61?
3
What is (-4 - -4) + 13 - (-239 + 290)?
-38
129 + -17 + -371 + 338
79
What is the value of (-9 - -10) + (-16 - -4) + -3?
-14
What is the value of -11 - ((42 - (5 - 20 - -20)) + -3)?
-45
What is 72 - (-121 + 112) - 114?
-33
-20 + -1 + -4 + (3 - (-12 - -13))
-23
Evaluate -5 + (-13 + (15 - -2) - (-32 + -3)).
34
89 + -153 + -34 + -9
-107
What is the value of (11 - (-2 + 10) - 48 - -8) + -5?
-42
What is the value of (89 - (20 + (3 - -4))) + -19?
43
(-12 - -2) + (29 - 34) - -10 - (1 - -16)
-22
What is the value of -34 + (1 + -7 - (-17 + 1 + 16))?
-40
-56 - (20 + -75 - -20)
-21
Calculate -159 + 3 - (1181 - 1250).
-87
-4 + 12 + 0 - 2 - (181 - 182)
7
What is -39 + -3 + (6 - -1) - -9?
-26
What is (-46 - -39) + -2 + 4 + 14 - 20?
-11
(24 - -67) + -90 - (3 - 0)
-2
What is the value of 1 + -3 + -2 - (39 + -41 + -3)?
1
Calculate 19 + 28 - (3 - -2) - (-11 + 4 + 5).
44
What is (-186 - -111 - -79) + (6 - 4 - 29)?
-23
Calculate -12 - (7 + (28 - 2) + -11 - -16).
-50
-3 + -24 + -149 + 34 + 80
-62
Evaluate -53 + 44 - 55 - -54 - (0 + 46).
-56
Evaluate -38 + (3 - -17) - (-8 - -6).
-16
Calculate 11 + (68 - 70 - (7 + 2)).
0
Calculate (18 - 4) + -36 - 8.
-30
Calculate 46 + 2 - (-23 - (-31 + 27 + -34)).
33
Evaluate -40 - (-2 + -33 + 7).
-12
-32 - (19 - 15 - 30) - -4
-2
What is (28 - (-80 - -124)) + (1 - -2)?
-13
-10 - ((-40 - 1) + (-11 - (-35 - -34)))
41
6 + -5 + -6 + 55 + 79 + -6
123
Calculate -51 - (112 - 152) - (0 + (19 - 1)).
-29
What is 59 - (-2 + -2 - (-25 + 7 + 8)) - 10?
43
Evaluate -180 + 430 + -220 + (1 - -92).
123
Calculate -36 - -46 - (15 - 45 - 66).
106
What is the value of -265 + 261 + (5 - 10) - 58?
-67
What is the value of 16 + (-15 - (-18 - (-17 - -11 - -38)))?
51
(9 + (10 + -14 + -5 - -8) - 0) + 24
32
Evaluate -49 + 149 + (-8 - 47).
45
-43 - -64 - 40 - (0 - 65)
46
19 - (-7 - -32 - -54)
-60
What is (-130 - -177) + -42 + -3 + (1 - 3) + 4?
4
What is -62 - (115 + -128 + 10)?
-59
-91 + (109 - (112 - 65))
-29
Evaluate -137 - (-4 + 5 + -8 + 4) - (3658 + -3647).
-145
Calculate -695 + 660 - (1 + -31) - -14.
9
Calculate -80 + (-242 - -360) + (0 - 37).
1
What is 89 - (13 - (-17 - 110))?
-51
What is (4 - 2) + -9 - (-71 + (0 - -12))?
52
Calculate 2 + 0 + 15 - (-179 + 290 + -51).
-43
What is the value of 5 + -4 - 78 - (1300 - 1314)?
-63
-20 - ((-9 - -29) + -25)
-15
What is the value of 27 - ((32 - -140) + -37) - -29?
-79
-24 + (-4 - -2) - (-27 + -20 + 37)
-16
What is (-39 - ((-9 - 60) + 8)) + -11 + 1?
12
What is (22 - (-16 + 12 + 14)) + 0 - (-1 - 62)?
75
What is (49 - (26 - -6)) + -8 - (1 + 21 + 1)?
-14
-1 + 0 + (234 + -194 - (1 - -2))
36
36 + -78 + (3 - (-11 - (10 + -10)))
-28
Calculate (78 - 24) + 7 - 136.
-75
(30 - -80) + -12 + -42
56
Calculate (15 + 4 - 11) + -53 + 53.
8
What is the value of 6 + (24 - 39) + 14?
5
Calculate (-22 - 13) + 28 - -53.
46
Calculate (2 - 1 - -11) + 30 + (35 + -34 - 31).
12
What is 0 + 46 - (51 - (2 + 31))?
28
-8 - (7 + -19) - 5 - -5 - (-6 - 39)
49
Evaluate 28 + 29 + -1 + -53 - (-25 - 0).
28
What is the value of -24 + -2 + -46 + (26 - (-46 - -38))?
-38
What is the value of 4 + (-2 + 3 - 114) + 13 + (27 - 54)?
-123
What is the value of -41 + 85 + -79 + 61?
26
0 + 17 + (-3495 - -3511)
33
What is 6 + 8 + (27 - 7)?
34
Evaluate -55 + 0 - (5 + 9 + (-19 - -7)).
-57
What is the value of 10 + 2 + 0 + 65 + -40?
37
Evaluate 70 + -50 + -47 + 33.
6
What is the value of (0 - (19 + -12)) + ((15 - 30) + 1 - -12)?
-9
Evaluate -24 + (-22 - -47) - -77.
78
Calculate -69 - (-41 - (5 - -18)).
-5
(-1 - -5) + 6 + (-19 - -11) + -8
-6
Calculate -10 + -8 + (25 - 17) - (-14 - -1) - 55.
-52
What is 12 + (-14 + (12 - (-8 - (-12 + -2))) - 4)?
0
What is the value of -12 - (19 + 14 + (-19 - -33) + 1)?
-60
(-5 - -11) + (101 - (-12 - -11))
108
42 + -43 + (53 + -56 - (-12 + (-3 - -4)))
7
41 + -44 + 12 + -17
-8
What is the value of (73 - 4 - (-31 - -37)) + -2 + -1?
60
What is -2 + 12 + -203 + 179 - (0 - -29)?
-43
What is 65 + -151 + -7 + 38?
-55
What is the value of 75 + -42 + -12 - ((82 - -4) + -4)?
-61
10 + ((1 - 5) + (55 - 42) - -4)
23
Evaluate 35 + -29 + 48 + -2 + -3 + 8.
57
Evaluate (-5956 - -5983) + 0 + 2 + 1.
30
Calculate (1 - -14 - (12 + -10) - (2 - -13)) + -10.
-12
Calculate 3 - -47 - -28 - 112.
-34
Evaluate -174 - -113 - (-34 + 2).
-29
What is 0 + -8 - ((-7 - (-4 - -1)) + 21)?
-25
What is the value of -26 + -3 + 67 + -35?
3
Calculate 108 - ((22 - 7) + -13 + 7 + 7).
92
What is (19 + -2 - (-177 - -147)) + -96?
-49
What is (-145 - -207) + -8 + -47?
7
Calculate -5 - (-33 - -1) - (18 + -16 + -12).
37
What is the value of 101 + 9 + (-311 - -111)?
-90
Calculate -27 - (-90 - -24) - 6 - 35.
-2
What is (0 - -4) + -1 + (-47 - -43) + 5 + -55?
-51
Calculate -11 + (-24 - (26 + -93)) + 28.
60
What is -32 + (-6 + 3 - ((-8 - 7) + -5))?
-15
What is the value of -8 + (-15 - (15 - (6 + (20 - 13))))?
-25
Evaluate 3 - (6 - 2) - 2 - (-69 + 60).
6
What is (21 - 1) + -3 + (-48 - (-81 - -20))?
30
Evaluate 68 + (-40 - (-1 - 6)) + -38.
-3
Evaluate (-58 - -48) + (-39 - 37).
-86
24 + -7 - 0 - (16 + -5) - (0 + 66)
-60
Evaluate (49 - 4 - -3) + (-40 - -16).
24
Evaluate 3 + (77 - -6) + -19 + (29 - (0 + 16)).
80
What is 1 + 1 + (56 - (112 - 10))?
-44